52
Let j(f) = 20*f - 943. Calculate j(49).
37
Let l(r) = 9*r + 939. Determine l(-103).
12
Let p(q) = -4338*q - 47721. Determine p(-11).
-3
Let p(j) = -39*j + 90. What is p(4)?
-66
Let r(m) = 3*m**3 + 51*m**2 + 7*m + 117. Determine r(-17).
-2
Let d(v) = -3*v**3 - 4*v**2 + 20*v + 58. Determine d(-3).
43
Let w(r) = 5*r + 208. Determine w(-42).
-2
Let j(x) = -x**2 + 12*x + 289. Determine j(-9).
100
Let p(v) = 22*v + 862. Calculate p(-42).
-62
Let n(o) = -17*o + 444. What is n(17)?
155
Let c(f) = 3*f**2 - 156*f + 1829. Give c(18).
-7
Let n(v) = -v**2 + 190*v - 3399. Give n(20).
1
Let g(s) = 2*s**3 - 52*s**2 - 54*s + 43. What is g(27)?
43
Let o(t) = -47*t**3 - 2*t**2 + 2*t + 3. Determine o(-1).
46
Let p(f) = -2*f**3 - 21*f**2 - 6*f - 4. Determine p(-10).
-44
Let v(c) = -8*c**2 + 17*c + 71. What is v(4)?
11
Let m(a) = 2*a**3 - 31*a**2 - 145*a + 3. What is m(-4)?
-41
Let y(f) = -116*f + 782. Give y(7).
-30
Let i(s) = -s**2 + 5*s + 6. Give i(5).
6
Let c(w) = 134*w - 999. Calculate c(7).
-61
Let c(m) = -m**3 + 3*m**2 + 4*m + 16. Calculate c(6).
-68
Let b(f) = -f**3 - 51*f**2 + 157*f - 213. Determine b(-54).
57
Let h(d) = -9*d**3 - 9*d**2 + 8*d + 1. Give h(1).
-9
Let r(a) = a**3 + 208*a**2 - 1274*a + 2162. What is r(-214)?
22
Let q(l) = -4*l**2 + 512*l - 2927. Determine q(6).
1
Let g(m) = 12*m**2 - 1173*m - 398. Determine g(98).
-104
Let q(x) = -103*x - 7808. Calculate q(-76).
20
Let n(t) = 2*t**2 - 1458*t - 2910. What is n(-2)?
14
Let r(w) = -w**3 + 21*w**2 - 71*w - 5. Calculate r(5).
40
Let b(l) = -4*l**3 - 13*l**2 + 79*l + 60. Calculate b(-6).
-18
Let f(j) = j**2 - 227*j + 1726. Give f(8).
-26
Let j(f) = 5*f**3 + 74*f**2 - 28*f - 37. Calculate j(-15).
158
Let r(q) = q**2 - 23*q + 61. Give r(3).
1
Let r(y) = 179*y - 145. Determine r(1).
34
Let g(y) = y**2 - 6*y - 69. Determine g(-6).
3
Let v(j) = 923*j + 26765. Calculate v(-29).
-2
Let r(a) = a**2 + 2281*a - 34428. What is r(15)?
12
Let x(f) = -8*f**2 - 529*f - 73. Calculate x(-66).
-7
Let q(k) = -k**3 - 31*k**2 - 54*k + 122. Give q(-29).
6
Let x(i) = -96*i**2 + 402*i - 30. Give x(4).
42
Let w(p) = -23*p**2 - 136*p - 63. Calculate w(-6).
-75
Let w(r) = 6*r**3 + 38*r**2 + 5*r + 13. What is w(-6)?
55
Let i(s) = 22*s + 40. What is i(-2)?
-4
Let h(g) = 17*g**2 - 24*g. Give h(2).
20
Let l(z) = 3068*z + 12278. Calculate l(-4).
6
Let f(q) = -q**3 + 26*q**2 + 207*q - 484. Give f(32).
-4
Let m(t) = 11*t**2 + 11*t - 14. Give m(1).
8
Let h(g) = 67*g + 202. Calculate h(-3).
1
Let d(x) = 2*x + 79. Give d(-8).
63
Let u(a) = 121*a - 2210. Give u(19).
89
Let h(l) = 2*l**2 - 116*l - 625. Calculate h(63).
5
Let t(q) = -161*q - 977. What is t(-6)?
-11
Let q(b) = -23*b + 48. Determine q(1).
25
Let f(o) = -2*o**3 - 41*o**2 - 126*o - 120. Determine f(-17).
-1
Let y(x) = -x**2 + 38*x - 213. What is y(17)?
144
Let b(a) = -3*a**2 - 52*a - 183. Give b(-13).
-14
Let m(g) = g**3 + 37*g**2 + 310*g - 575. Calculate m(-18).
1
Let g(w) = -18*w + 740. What is g(32)?
164
Let u(j) = -4*j**2 - 21*j + 37. Calculate u(6).
-233
Let b(d) = -92*d + 3405. Determine b(37).
1
Let x(u) = -3*u**2 - 62*u - 23. Determine x(-19).
72
Let o(s) = 18*s**2 - 86*s - 11. Determine o(5).
9
Let d(u) = u**3 - 8*u**2 + 2*u + 7. Calculate d(7).
-28
Let q(d) = -10*d**2 + 18*d + 48. Calculate q(-5).
-292
Let h(d) = 14*d**2 + 114*d + 40. What is h(-8)?
24
Let c(f) = 38*f - 1171. Calculate c(19).
-449
Let n(l) = -l**3 + 5*l**2 + 19*l - 95. Determine n(4).
-3
Let s(t) = -t**3 + 63*t**2 + 149*t - 1250. Calculate s(65).
-15
Let v(h) = 15*h**3 - 224*h**2 - 13*h - 42. Give v(15).
-12
Let p(h) = 11663*h + 81638. Determine p(-7).
-3
Let i(d) = 18*d + 192. Give i(-11).
-6
Let q(a) = 6*a**2 + 18*a - 10. Give q(-8).
230
Let s(c) = -c**3 + c**2 + 45*c + 15. Determine s(6).
105
Let h(c) = -c**3 + 6*c**2 - 162*c + 1181. Calculate h(7).
-2
Let z(s) = 5*s**2 - 24*s - 163. Give z(-6).
161
Let h(v) = -138*v - 3. What is h(0)?
-3
Let c(u) = 163*u**2 - 2118*u - 22. Give c(13).
-9
Let r(m) = -m**3 - 22*m**2 + 5*m + 136. Determine r(-22).
26
Let o(a) = 12*a - 276. Calculate o(17).
-72
Let r(p) = -p**3 + 73*p**2 + 201*p + 2049. Calculate r(76).
-3
Let l(t) = -t**3 - 109*t**2 - 521*t + 201. Calculate l(-104).
305
Let z(x) = -255*x**2 + 514*x - 17. Determine z(2).
-9
Let u(o) = 7636*o - 7634. What is u(1)?
2
Let d(r) = 2*r**3 - 15*r**2 - 51*r - 7. Determine d(10).
-17
Let o(v) = 3*v**2 - 9*v - 121. Calculate o(8).
-1
Let t(c) = -8*c**2 - 43*c - 23. What is t(-5)?
-8
Let d(h) = -98*h + 8133. Give d(83).
-1
Let g(v) = 264*v - 17139. Determine g(65).
21
Let d(p) = -p**3 + 6*p**2 + 12*p + 59. What is d(8)?
27
Let d(l) = -7*l**2 - 219*l + 58. Determine d(-31).
120
Let a(i) = 121*i - 33. Calculate a(2).
209
Let c(b) = b**3 - 48*b**2 + 289*b + 33. Determine c(41).
115
Let t(q) = 43*q + 148. Calculate t(-5).
-67
Let q(j) = 11*j**2 + 814*j + 71. Determine q(-74).
71
Let f(o) = 29*o + 4596. Calculate f(-159).
-15
Let m(f) = -2*f**2 + 21*f - 4. What is m(10)?
6
Let p(x) = 4*x**2 - 97*x + 53. Determine p(25).
128
Let i(c) = -256*c + 319. Determine i(1).
63
Let b(l) = l**2 - 6*l - 962. Determine b(34).
-10
Let l(b) = b**3 + 8*b**2 + 21*b + 72. Determine l(-6).
18
Let j(v) = -v**3 + 19*v**2 - 80*v - 36. What is j(12)?
12
Let s(k) = -352*k - 81. Determine s(0).
-81
Let m(y) = 6*y**2 - 21*y + 46. Determine m(6).
136
Let s(q) = 5*q**2 + 3*q - 22. What is s(3)?
32
Let n(g) = 6*g**3 + 63*g**2 + 21*g - 17. Calculate n(-10).
73
Let y(t) = -2*t**3 + 3*t**2 + 15*t - 31. Determine y(3).
-13
Let v(m) = 120*m + 11391. Calculate v(-95).
-9
Let x(y) = 2*y**3 - 77*y**2 + 79*y - 1608. Determine x(38).
-50
Let c(l) = -42*l + 1719. Give c(43).
-87
Let k(z) = 68*z**3 - 3*z**2 - z + 6. Determine k(-2).
-548
Let f(h) = 18*h**2 + 66*h + 60. Give f(-2).
0
Let f(o) = o**3 + 13*o**2 - 84*o - 23. Give f(-17).
249
Let b(y) = -2*y**2 + 4*y + 5845. Determine b(55).
15
Let n(x) = -6*x + 183. Calculate n(36).
-33
Let v(h) = h**3 - 6*h**2 - 7*h + 46. What is v(4)?
-14
Let s(h) = -h**3 + h**2 - 3*h + 2. Give s(-8).
602
Let l(w) = -w**2 - 190*w + 1789. Determine l(9).
-2
Let p(n) = -n**3 - 12*n**2 + 71*n + 27. Calculate p(-17).
265
Let u(h) = 39*h + 817. Determine u(-22).
-41
Let z(k) = -4*k**2 - 94*k + 1946. Give z(-37).
-52
Let u(v) = v**3 + 5*v**2 - 56*v - 1. Give u(-10).
59
Let h(b) = -28*b**2 - 261*b + 20. Calculate h(-10).
-170
Let m(i) = -59*i - 5235. Give m(-88).
-43
Let z(a) = -10*a + 7. What is z(-8)?
87
Let z(b) = -b**3 - 41*b**2 - 81*b - 105. Give z(-39).
12
Let a(j) = -5*j + 63. Determine a(12).
3
Let f(h) = -17*h**2 - 1413*h - 166. Calculate f(-83).
0
Let s(m) = 3*m**3 + 48*m**2 + 203*m + 4. Calculate s(-6).
-134
Let c(j) = -j**3 + 27*j**2 - 13*j - 155. What is c(26)?
183
Let k(m) = -2*m**2 + 63*m + 278. Determine k(-4).
-6
Let n(x) = 420*x + 47883. What is n(-114)?
3
Let k(f) = 206*f + 2106. Calculate k(-11).
-160
Let w(u) = -u**2 - 40*u - 323. Calculate w(-29).
-4
Let w(k) = -2*k**3 - 9*k**2 - 5*k - 42. Determine w(-5).
8
Let t(i) = 2*i - 49. Calculate t(29).
9
Let y(a) = -34*a**2 - 455*a - 451. Give y(-1).
-30
Let d(h) = 14325*h + 42969. Determine d(-3).
-6
Let m(k) = -k**3 - 8*k**2 - 70*k - 368. What is m(-6)?
-20
Let t(o) = -o**3 + 28*o**2 - 65*o + 916. Determine t(27).
-110
Let c(i) = -4*i**2 - 192*i - 208. What is c(-47)?
-20
Let d(u) = 28*u + 236. Determine d(-14).
-156
Let r(q) = q**2 + 36*q + 495. Calculate r(-16).
175
Let g(a) = -13*a**2 + 959*a + 173. Give g(74).
-49
Let s(n) = -815*n + 14686. Determine s(18).
16
Let m(h) = -5*h**3 - 18*h**2 - 17*h - 6. Determine m(-3).
18
Let f(x) = -x**2 - 10*x + 46. What is f(11)?
-185
Let o(g) = -157*g - 636. Determine o(-4).
-8
Let d(y) = -y**2 + 177*y - 4617. What is d(32)?
23
Let q(r) = -5*r + 710. What is q(145)?
-15
Let i(m) = 29*m + 85. Calculate i(-2).
27
Let a(n) = -n**2 + 30*n + 120. Determine a(34).
-16
Let h(i) = i**3 + 12*i**2 + 27*i + 13. What is h(-11)?
-163
Let d(n) = -n**3 - 48*n**2 - 356*n - 34. What is d(-9)?
11
Let g(v) = -157*v - 526. Give g(-3).
-55
Let w(o) = 46*o**2 + 25*o - 12. Determine w(2).
222
Let u(i) = -i**3 + 8*i**2 - 10. Calculate u(6).
62
Let z(x) = 11*x**2 - 249*x - 44. Determine z(23).
48
Let w(n) = n**3 - 42*n - 94. Determine w(0).
-94
Let r(i) = 426*i + 529. What is r(-3)?
-749
Let s(z) = -4*z**3 + 24*z**2 - 45*z + 22. What is s(1)?